4?
174
What is the highest common divisor of 6208 and 144?
16
What is the highest common factor of 16288 and 6617?
509
Calculate the highest common factor of 100 and 7775.
25
What is the greatest common factor of 1020262 and 152?
38
What is the greatest common factor of 78 and 6522?
6
Calculate the highest common factor of 128 and 17328.
16
What is the highest common factor of 79040 and 2880?
320
Calculate the highest common divisor of 639 and 554297.
71
Calculate the highest common factor of 244811 and 3157.
287
What is the highest common factor of 161 and 8840832?
161
Calculate the greatest common factor of 23140 and 7696.
52
What is the highest common factor of 5784 and 32294?
482
Calculate the greatest common factor of 12702 and 406.
58
What is the greatest common divisor of 105 and 483465?
15
Calculate the highest common factor of 69708 and 22294.
314
Calculate the greatest common factor of 1410 and 250.
10
What is the greatest common factor of 4740 and 1940?
20
Calculate the highest common divisor of 1058 and 759644.
1058
What is the greatest common divisor of 4152 and 720891?
519
What is the greatest common divisor of 26518634 and 2122?
2122
Calculate the highest common divisor of 5556856 and 772.
772
What is the greatest common divisor of 47160 and 5?
5
Calculate the greatest common divisor of 465106 and 460.
46
Calculate the highest common factor of 3840 and 769728.
192
What is the greatest common divisor of 465 and 490730?
155
What is the greatest common factor of 999 and 2013318?
333
Calculate the highest common factor of 43660 and 148.
148
What is the greatest common divisor of 3710 and 275335?
265
Calculate the greatest common factor of 98224 and 4816.
112
Calculate the highest common divisor of 308 and 43813.
77
What is the greatest common factor of 72 and 213651?
9
What is the greatest common divisor of 6019312 and 624?
208
What is the highest common factor of 700 and 2744?
28
Calculate the highest common factor of 57239 and 595.
119
Calculate the greatest common divisor of 7240910 and 367.
367
What is the greatest common factor of 75840 and 6715?
395
What is the highest common factor of 44860 and 20?
20
What is the greatest common factor of 249 and 56689?
83
What is the highest common factor of 154 and 190862?
14
Calculate the highest common divisor of 218550 and 310.
310
What is the greatest common divisor of 126 and 43008?
42
Calculate the greatest common factor of 48 and 6416.
16
What is the highest common divisor of 777 and 1533?
21
What is the greatest common divisor of 517 and 97995?
47
What is the greatest common divisor of 92 and 647174?
46
What is the greatest common divisor of 742 and 71550?
106
Calculate the greatest common factor of 519 and 27818919.
519
Calculate the highest common factor of 14001 and 18.
3
Calculate the highest common factor of 60547 and 5539.
191
What is the greatest common divisor of 396265 and 205?
205
Calculate the highest common divisor of 621729 and 27.
27
What is the highest common divisor of 930 and 47870?
10
What is the greatest common divisor of 1 and 23117?
1
What is the greatest common factor of 7187 and 1?
1
Calculate the highest common divisor of 141 and 1244466.
141
What is the highest common factor of 9437671 and 1823?
1823
Calculate the greatest common factor of 588 and 2484.
12
What is the highest common factor of 6070 and 68591?
607
Calculate the highest common factor of 736 and 991162.
46
What is the greatest common divisor of 1591940 and 1096?
548
Calculate the highest common factor of 10591 and 21.
7
Calculate the greatest common divisor of 988 and 6669.
247
Calculate the highest common divisor of 2145 and 22737.
429
What is the greatest common factor of 546 and 630942?
78
What is the greatest common factor of 161 and 35?
7
Calculate the highest common factor of 90 and 323667.
9
What is the greatest common divisor of 153888 and 3360?
672
What is the greatest common divisor of 12193 and 19865?
137
Calculate the highest common factor of 115 and 12512.
23
Calculate the greatest common divisor of 2410884 and 648.
324
Calculate the highest common factor of 208 and 24193.
13
Calculate the greatest common factor of 131572 and 1332.
148
What is the highest common factor of 797 and 1830709?
797
What is the highest common factor of 200874 and 24?
6
Calculate the greatest common factor of 57 and 26809.
19
What is the greatest common divisor of 9109344 and 12?
12
What is the greatest common factor of 18 and 10218?
6
What is the highest common factor of 2 and 9574?
2
Calculate the highest common factor of 6817 and 68.
17
What is the greatest common factor of 418248 and 72?
72
Calculate the highest common divisor of 3619997 and 1241.
1241
Calculate the greatest common factor of 465 and 297786.
93
What is the greatest common factor of 166 and 10970359?
83
What is the greatest common divisor of 215373 and 3090?
309
Calculate the greatest common divisor of 18 and 495612.
18
Calculate the highest common divisor of 640 and 1002880.
640
Calculate the highest common factor of 26 and 1257724.
26
Calculate the highest common divisor of 8791 and 46964.
59
Calculate the highest common divisor of 717822 and 27.
27
What is the greatest common divisor of 20 and 334315?
5
What is the greatest common factor of 8022 and 14028?
42
Calculate the greatest common factor of 2416496 and 304.
304
What is the greatest common divisor of 1030 and 306734?
206
Calculate the greatest common factor of 59 and 793550.
59
What is the greatest common divisor of 147 and 121296?
21
Calculate the greatest common divisor of 24 and 7721664.
24
What is the greatest common divisor of 26 and 11221106?
26
What is the highest common factor of 462 and 12474?
462
Calculate the greatest common factor of 10 and 3648530.
10
What is the greatest common divisor of 6871540 and 760?
380
What is the highest common divisor of 9399968 and 32?
32
Calculate the highest common divisor of 36 and 4425768.
36
Calculate the highest common divisor of 2313558 and 234.
234
Calculate the highest common factor of 42540 and 60.
60
Calculate the greatest common factor of 868 and 532.
28
What is the greatest common factor of 1302 and 609?
21
What is the greatest common divisor of 168 and 248892?
84
Calculate the highest common factor of 19500 and 10320.
60
What is the greatest common divisor of 20 and 120280?
20
What is the greatest common divisor of 24 and 124188?
12
Calculate the greatest common divisor of 35 and 45395.
35
What is the greatest common divisor of 26838 and 4914?
378
Calculate the highest common factor of 3904 and 240584.
488
What is the highest common factor of 441 and 104811?
147
Calculate the highest common factor of 3184 and 38384.
16
Calculate the greatest common divisor of 153 and 6093.
9
Calculate the greatest common factor of 70 and 2912.
14
Calculate the greatest common divisor of 11328 and 888.
24
Calculate the highest common factor of 252 and 207900.
252
Calculate the greatest common divisor of 3105 and 1875.
15
Calculate the greatest common divisor of 97 and 69258.
97
Calculate the highest common divisor of 680 and 360.
40
What is the greatest common factor of 131044 and 19548?
724
Calculate the greatest common factor of 324373 and 2086.
1043
Calculate the highest common factor of 592 and 36592.
16
Calculate the highest common factor of 1080 and 12744.
216
Calculate the highest common factor of 444210 and 90.
30
What is the highest common divisor of 39 and 308412?
39
Calculate the highest common divisor of 3 and 5469.
3
Calculate the greatest common factor of 651180 and 60.
60
Calculate the highest common divisor of 250 and 272750.
250
Calculate the greatest common factor of 73466 and 6322.
218
Calculate the highest common factor of 41821 and 13.
13
What is the greatest common divisor of 139 and 12326937?
139
What is the highest common divisor of 412279 and 7?
7
Calculate the highest common divisor of 114 and 17616.
6
What is the highest common divisor of 62343 and 1?
1
Calculate the highest common divisor of 55552 and 160704.
1984
Calculate the greatest common divisor of 46782 and 9.
9
Calculate the highest common divisor of 3864 and 3434613.
483
Calculate the highest common factor of 4 and 1702366.
2
What is the greatest comm